{"id":156,"date":"2020-11-04T18:52:29","date_gmt":"2020-11-04T17:52:29","guid":{"rendered":"https:\/\/morellahandwoven.hu\/?post_type=product&#038;p=156"},"modified":"2020-11-19T18:46:17","modified_gmt":"2020-11-19T17:46:17","slug":"baranyfelhok-az-egen","status":"publish","type":"product","link":"https:\/\/morellahandwoven.hu\/index.php\/termek\/baranyfelhok-az-egen\/","title":{"rendered":"B\u00e1r\u00e1nyfelh\u0151k az \u00e9gen kend\u0151"},"content":{"rendered":"<p><span data-sheets-value=\"{&quot;1&quot;:2,&quot;2&quot;:&quot;B\u00e1r\u00e1nyfelh\u0151k az \u00e9gen. A hosszan sz\u00edn\u00e1tmentes BFL gyapj\u00fa-selyem sz\u00f6szt megfontam \u00e9s bourett selyemb\u0151l b\u00e1r\u00e1nyfelh\u0151 t\u00f6red\u00e9keket sz\u0151ttem bele :) Az eredm\u00e9ny meglep\u0151en f\u00e9nyes, kellemes tapint\u00e1s\u00fa, r\u00f6vid \u00e1ll\u00e1s\u00fa s\u00e1l lett.&quot;}\" data-sheets-userformat=\"{&quot;2&quot;:6717,&quot;3&quot;:{&quot;1&quot;:0},&quot;5&quot;:{&quot;1&quot;:[{&quot;1&quot;:2,&quot;2&quot;:0,&quot;5&quot;:{&quot;1&quot;:2,&quot;2&quot;:13421772}},{&quot;1&quot;:0,&quot;2&quot;:0,&quot;3&quot;:3},{&quot;1&quot;:1,&quot;2&quot;:0,&quot;4&quot;:1}]},&quot;6&quot;:{&quot;1&quot;:[{&quot;1&quot;:2,&quot;2&quot;:0,&quot;5&quot;:{&quot;1&quot;:2,&quot;2&quot;:13421772}},{&quot;1&quot;:0,&quot;2&quot;:0,&quot;3&quot;:3},{&quot;1&quot;:1,&quot;2&quot;:0,&quot;4&quot;:1}]},&quot;7&quot;:{&quot;1&quot;:[{&quot;1&quot;:2,&quot;2&quot;:0,&quot;5&quot;:{&quot;1&quot;:2,&quot;2&quot;:13421772}},{&quot;1&quot;:0,&quot;2&quot;:0,&quot;3&quot;:3},{&quot;1&quot;:1,&quot;2&quot;:0,&quot;4&quot;:1}]},&quot;8&quot;:{&quot;1&quot;:[{&quot;1&quot;:2,&quot;2&quot;:0,&quot;5&quot;:{&quot;1&quot;:2,&quot;2&quot;:13421772}},{&quot;1&quot;:0,&quot;2&quot;:0,&quot;3&quot;:3},{&quot;1&quot;:1,&quot;2&quot;:0,&quot;4&quot;:1}]},&quot;12&quot;:0,&quot;14&quot;:{&quot;1&quot;:2,&quot;2&quot;:0},&quot;15&quot;:&quot;Arial, sans-serif&quot;}\">A hosszan sz\u00edn\u00e1tmentes BFL gyapj\u00fa-selyem sz\u00f6szt megfontam \u00e9s bourett selyemb\u0151l b\u00e1r\u00e1nyfelh\u0151 t\u00f6red\u00e9keket sz\u0151ttem bele \ud83d\ude42 Az eredm\u00e9ny meglep\u0151en f\u00e9nyes, kellemes tapint\u00e1s\u00fa, r\u00f6vid \u00e1ll\u00e1s\u00fa s\u00e1l lett.<\/span><\/p>\n<p>M\u00e9ret: <span data-sheets-value=\"{&quot;1&quot;:2,&quot;2&quot;:&quot;159x44&quot;}\" data-sheets-userformat=\"{&quot;2&quot;:7101,&quot;3&quot;:{&quot;1&quot;:0},&quot;5&quot;:{&quot;1&quot;:[{&quot;1&quot;:2,&quot;2&quot;:0,&quot;5&quot;:{&quot;1&quot;:2,&quot;2&quot;:13421772}},{&quot;1&quot;:0,&quot;2&quot;:0,&quot;3&quot;:3},{&quot;1&quot;:1,&quot;2&quot;:0,&quot;4&quot;:1}]},&quot;6&quot;:{&quot;1&quot;:[{&quot;1&quot;:2,&quot;2&quot;:0,&quot;5&quot;:{&quot;1&quot;:2,&quot;2&quot;:13421772}},{&quot;1&quot;:0,&quot;2&quot;:0,&quot;3&quot;:3},{&quot;1&quot;:1,&quot;2&quot;:0,&quot;4&quot;:1}]},&quot;7&quot;:{&quot;1&quot;:[{&quot;1&quot;:2,&quot;2&quot;:0,&quot;5&quot;:{&quot;1&quot;:2,&quot;2&quot;:13421772}},{&quot;1&quot;:0,&quot;2&quot;:0,&quot;3&quot;:3},{&quot;1&quot;:1,&quot;2&quot;:0,&quot;4&quot;:1}]},&quot;8&quot;:{&quot;1&quot;:[{&quot;1&quot;:2,&quot;2&quot;:0,&quot;5&quot;:{&quot;1&quot;:2,&quot;2&quot;:13421772}},{&quot;1&quot;:0,&quot;2&quot;:0,&quot;3&quot;:3},{&quot;1&quot;:1,&quot;2&quot;:0,&quot;4&quot;:1}]},&quot;10&quot;:2,&quot;11&quot;:0,&quot;12&quot;:0,&quot;14&quot;:{&quot;1&quot;:2,&quot;2&quot;:0},&quot;15&quot;:&quot;Arial, sans-serif&quot;}\">159x44cm<\/span><\/p>\n<p>\u00d6sszet\u00e9tel: Blue Faced Leicester (BFL) gyapj\u00fa-selyem, bourette selyem, pamut<\/p>\n","protected":false},"excerpt":{"rendered":"<p>A hosszan sz\u00edn\u00e1tmentes BFL gyapj\u00fa-selyem sz\u00f6szt megfontam \u00e9s bourett selyemb\u0151l b\u00e1r\u00e1nyfelh\u0151 t\u00f6red\u00e9keket sz\u0151ttem bele \ud83d\ude42 Az eredm\u00e9ny meglep\u0151en f\u00e9nyes, kellemes tapint\u00e1s\u00fa, r\u00f6vid \u00e1ll\u00e1s\u00fa s\u00e1l lett. M\u00e9ret: 159x44cm \u00d6sszet\u00e9tel: Blue Faced Leicester (BFL) gyapj\u00fa-selyem, bourette selyem, pamut<\/p>\n","protected":false},"featured_media":159,"comment_status":"open","ping_status":"closed","template":"","meta":[],"product_brand":[],"product_cat":[17],"product_tag":[65,66,67,69,68,61,25,70,55,26],"class_list":{"0":"post-156","1":"product","2":"type-product","3":"status-publish","4":"has-post-thumbnail","6":"product_cat-kendo","7":"product_tag-bezs","8":"product_tag-bfl-gyapju","9":"product_tag-bluefaced-leicester-gyapju","10":"product_tag-bourette-selyem","11":"product_tag-burett-selyem","12":"product_tag-drapp","13":"product_tag-egyedi-festett","14":"product_tag-gyapju-selyem","15":"product_tag-kek","16":"product_tag-kezzel-font-fonalbol","18":"first","19":"instock","20":"sold-individually","21":"shipping-taxable","22":"purchasable","23":"product-type-simple"},"_links":{"self":[{"href":"https:\/\/morellahandwoven.hu\/index.php\/wp-json\/wp\/v2\/product\/156","targetHints":{"allow":["GET"]}}],"collection":[{"href":"https:\/\/morellahandwoven.hu\/index.php\/wp-json\/wp\/v2\/product"}],"about":[{"href":"https:\/\/morellahandwoven.hu\/index.php\/wp-json\/wp\/v2\/types\/product"}],"replies":[{"embeddable":true,"href":"https:\/\/morellahandwoven.hu\/index.php\/wp-json\/wp\/v2\/comments?post=156"}],"wp:featuredmedia":[{"embeddable":true,"href":"https:\/\/morellahandwoven.hu\/index.php\/wp-json\/wp\/v2\/media\/159"}],"wp:attachment":[{"href":"https:\/\/morellahandwoven.hu\/index.php\/wp-json\/wp\/v2\/media?parent=156"}],"wp:term":[{"taxonomy":"product_brand","embeddable":true,"href":"https:\/\/morellahandwoven.hu\/index.php\/wp-json\/wp\/v2\/product_brand?post=156"},{"taxonomy":"product_cat","embeddable":true,"href":"https:\/\/morellahandwoven.hu\/index.php\/wp-json\/wp\/v2\/product_cat?post=156"},{"taxonomy":"product_tag","embeddable":true,"href":"https:\/\/morellahandwoven.hu\/index.php\/wp-json\/wp\/v2\/product_tag?post=156"}],"curies":[{"name":"wp","href":"https:\/\/api.w.org\/{rel}","templated":true}]}}