{"id":26,"date":"2020-11-03T15:11:36","date_gmt":"2020-11-03T14:11:36","guid":{"rendered":"https:\/\/morellahandwoven.hu\/?post_type=product&#038;p=26"},"modified":"2021-04-07T21:06:10","modified_gmt":"2021-04-07T20:06:10","slug":"levendulamezo-kendo","status":"publish","type":"product","link":"https:\/\/morellahandwoven.hu\/index.php\/termek\/levendulamezo-kendo\/","title":{"rendered":"Levendulamez\u0151 kend\u0151"},"content":{"rendered":"<p><span data-sheets-value=\"{&quot;1&quot;:2,&quot;2&quot;:&quot;Egyedileg festett fonalb\u00f3l k\u00e9sz\u00fclt kend\u0151, t\u00f6red\u00e9ksz\u00f6v\u00e9ssel \u00e9s cs\u00edkos mint\u00e1val a levendulamez\u0151k hangulat\u00e1t id\u00e9zi.&quot;}\" data-sheets-userformat=\"{&quot;2&quot;:14911,&quot;3&quot;:{&quot;1&quot;:0},&quot;4&quot;:[null,2,16777215],&quot;5&quot;:{&quot;1&quot;:[{&quot;1&quot;:2,&quot;2&quot;:0,&quot;5&quot;:[null,2,13421772]},{&quot;1&quot;:0,&quot;2&quot;:0,&quot;3&quot;:3},{&quot;1&quot;:1,&quot;2&quot;:0,&quot;4&quot;:1}]},&quot;6&quot;:{&quot;1&quot;:[{&quot;1&quot;:2,&quot;2&quot;:0,&quot;5&quot;:[null,2,13421772]},{&quot;1&quot;:0,&quot;2&quot;:0,&quot;3&quot;:3},{&quot;1&quot;:1,&quot;2&quot;:0,&quot;4&quot;:1}]},&quot;7&quot;:{&quot;1&quot;:[{&quot;1&quot;:2,&quot;2&quot;:0,&quot;5&quot;:[null,2,13421772]},{&quot;1&quot;:0,&quot;2&quot;:0,&quot;3&quot;:3},{&quot;1&quot;:1,&quot;2&quot;:0,&quot;4&quot;:1}]},&quot;8&quot;:{&quot;1&quot;:[{&quot;1&quot;:2,&quot;2&quot;:0,&quot;5&quot;:[null,2,13421772]},{&quot;1&quot;:0,&quot;2&quot;:0,&quot;3&quot;:3},{&quot;1&quot;:1,&quot;2&quot;:0,&quot;4&quot;:1}]},&quot;12&quot;:0,&quot;14&quot;:[null,2,1842721],&quot;15&quot;:&quot;Arial, sans-serif&quot;,&quot;16&quot;:11}\">Egyedileg festett fonalb\u00f3l k\u00e9sz\u00fclt kend\u0151.<\/span><\/p>\n<p><span data-sheets-value=\"{&quot;1&quot;:2,&quot;2&quot;:&quot;Egyedileg festett fonalb\u00f3l k\u00e9sz\u00fclt kend\u0151, t\u00f6red\u00e9ksz\u00f6v\u00e9ssel \u00e9s cs\u00edkos mint\u00e1val a levendulamez\u0151k hangulat\u00e1t id\u00e9zi.&quot;}\" data-sheets-userformat=\"{&quot;2&quot;:14911,&quot;3&quot;:{&quot;1&quot;:0},&quot;4&quot;:[null,2,16777215],&quot;5&quot;:{&quot;1&quot;:[{&quot;1&quot;:2,&quot;2&quot;:0,&quot;5&quot;:[null,2,13421772]},{&quot;1&quot;:0,&quot;2&quot;:0,&quot;3&quot;:3},{&quot;1&quot;:1,&quot;2&quot;:0,&quot;4&quot;:1}]},&quot;6&quot;:{&quot;1&quot;:[{&quot;1&quot;:2,&quot;2&quot;:0,&quot;5&quot;:[null,2,13421772]},{&quot;1&quot;:0,&quot;2&quot;:0,&quot;3&quot;:3},{&quot;1&quot;:1,&quot;2&quot;:0,&quot;4&quot;:1}]},&quot;7&quot;:{&quot;1&quot;:[{&quot;1&quot;:2,&quot;2&quot;:0,&quot;5&quot;:[null,2,13421772]},{&quot;1&quot;:0,&quot;2&quot;:0,&quot;3&quot;:3},{&quot;1&quot;:1,&quot;2&quot;:0,&quot;4&quot;:1}]},&quot;8&quot;:{&quot;1&quot;:[{&quot;1&quot;:2,&quot;2&quot;:0,&quot;5&quot;:[null,2,13421772]},{&quot;1&quot;:0,&quot;2&quot;:0,&quot;3&quot;:3},{&quot;1&quot;:1,&quot;2&quot;:0,&quot;4&quot;:1}]},&quot;12&quot;:0,&quot;14&quot;:[null,2,1842721],&quot;15&quot;:&quot;Arial, sans-serif&quot;,&quot;16&quot;:11}\">T\u00f6red\u00e9ksz\u00f6v\u00e9ssel \u00e9s cs\u00edkos mint\u00e1val a levendulamez\u0151k hangulat\u00e1t id\u00e9zi.<\/span><\/p>\n<p>M\u00e9ret: 200&#215;58 cm<\/p>\n<p>\u00d6sszet\u00e9tel: Gyapj\u00fa, lurex sz\u00e1l, pamut<\/p>\n","protected":false},"excerpt":{"rendered":"<p>Egyedileg festett fonalb\u00f3l k\u00e9sz\u00fclt kend\u0151. T\u00f6red\u00e9ksz\u00f6v\u00e9ssel \u00e9s cs\u00edkos mint\u00e1val a levendulamez\u0151k hangulat\u00e1t id\u00e9zi. M\u00e9ret: 200&#215;58 cm \u00d6sszet\u00e9tel: Gyapj\u00fa, lurex sz\u00e1l, pamut<\/p>\n","protected":false},"featured_media":32,"comment_status":"open","ping_status":"closed","template":"","meta":[],"product_brand":[],"product_cat":[17],"product_tag":[25,58,37,87,42],"class_list":{"0":"post-26","1":"product","2":"type-product","3":"status-publish","4":"has-post-thumbnail","6":"product_cat-kendo","7":"product_tag-egyedi-festett","8":"product_tag-gyapju","9":"product_tag-lila","10":"product_tag-lurex-szal","11":"product_tag-zold","13":"first","14":"instock","15":"sold-individually","16":"shipping-taxable","17":"purchasable","18":"product-type-simple"},"_links":{"self":[{"href":"https:\/\/morellahandwoven.hu\/index.php\/wp-json\/wp\/v2\/product\/26","targetHints":{"allow":["GET"]}}],"collection":[{"href":"https:\/\/morellahandwoven.hu\/index.php\/wp-json\/wp\/v2\/product"}],"about":[{"href":"https:\/\/morellahandwoven.hu\/index.php\/wp-json\/wp\/v2\/types\/product"}],"replies":[{"embeddable":true,"href":"https:\/\/morellahandwoven.hu\/index.php\/wp-json\/wp\/v2\/comments?post=26"}],"wp:featuredmedia":[{"embeddable":true,"href":"https:\/\/morellahandwoven.hu\/index.php\/wp-json\/wp\/v2\/media\/32"}],"wp:attachment":[{"href":"https:\/\/morellahandwoven.hu\/index.php\/wp-json\/wp\/v2\/media?parent=26"}],"wp:term":[{"taxonomy":"product_brand","embeddable":true,"href":"https:\/\/morellahandwoven.hu\/index.php\/wp-json\/wp\/v2\/product_brand?post=26"},{"taxonomy":"product_cat","embeddable":true,"href":"https:\/\/morellahandwoven.hu\/index.php\/wp-json\/wp\/v2\/product_cat?post=26"},{"taxonomy":"product_tag","embeddable":true,"href":"https:\/\/morellahandwoven.hu\/index.php\/wp-json\/wp\/v2\/product_tag?post=26"}],"curies":[{"name":"wp","href":"https:\/\/api.w.org\/{rel}","templated":true}]}}