{"id":382,"date":"2021-11-27T22:49:48","date_gmt":"2021-11-27T21:49:48","guid":{"rendered":"https:\/\/morellahandwoven.hu\/?post_type=product&#038;p=382"},"modified":"2026-01-01T00:32:51","modified_gmt":"2025-12-31T23:32:51","slug":"ajandekutalvany-szabadidos-szovofoglalkozas-5-alkalom","status":"publish","type":"product","link":"https:\/\/morellahandwoven.hu\/index.php\/termek\/ajandekutalvany-szabadidos-szovofoglalkozas-5-alkalom\/","title":{"rendered":"Utalv\u00e1ny &#8211; Szabadid\u0151s sz\u00f6v\u0151foglalkoz\u00e1s 5 alkalom"},"content":{"rendered":"\r\n<p><a href=\"https:\/\/morellahandwoven.hu\/index.php\/2021\/11\/27\/szovofoglalkozasok\/\">M\u0171helyemben<\/a> az \u00e9rdekl\u0151d\u0151k szabadid\u0151s programk\u00e9nt betekinthetnek a sz\u00f6v\u00e9s csod\u00e1latos vil\u00e1g\u00e1ba, maguk is megtapasztalhatj\u00e1k az \u00e9lm\u00e9nyt, amikor a sok-sok &#8222;c\u00e9rnasz\u00e1lb\u00f3l&#8221; egyszercsak megsz\u00fcletik a textil&#8230; Erre a programra v\u00e1lthat\u00f3 sorsz\u00e1mozott, virtu\u00e1lis aj\u00e1nd\u00e9kutalv\u00e1ny, melyet a fizet\u00e9st k\u00f6vet\u0151en a v\u00e1s\u00e1rl\u00e1skor megadott c\u00edmre e-mailben kap meg a v\u00e1s\u00e1rl\u00f3.<\/p>\r\n<p>Fontos! Ha n\u00e9h\u00e1ny napon bel\u00fcl nem kapja meg az emailt, ellen\u0151rizze a spam mapp\u00e1t \u00e9s mindenk\u00e9ppen jelezze!<\/p>\r\n<p>A dokumentumot tetsz\u00e9se szerint kinyomtathatja, vagy e-mailben tov\u00e1bb\u00edthatja a megaj\u00e1nd\u00e9kozottnak. Az aj\u00e1nd\u00e9kutalv\u00e1ny felhaszn\u00e1l\u00e1s\u00e1nak hat\u00e1rideje a v\u00e1s\u00e1rl\u00e1st\u00f3l sz\u00e1m\u00edtott 6 h\u00f3nap (ez a j\u00e1rv\u00e1ny\u00fcgyi int\u00e9zked\u00e9sek f\u00fcggv\u00e9ny\u00e9ben meghosszabbodhat). Az utalv\u00e1ny bev\u00e1lt\u00e1sa: id\u0151pont egyeztet\u00e9skor k\u00e9rem jelezni, a sorsz\u00e1m megad\u00e1sa el\u00e9g, nem sz\u00fcks\u00e9ges kinyomtatni. \u00a0<\/p>\r\n<p><span style=\"text-decoration: underline;\">Tudnival\u00f3k a sz\u00f6v\u0151napr\u00f3l<\/span><\/p>\r\n\r\n\r\n\r\n<p>A foglalkoz\u00e1s helysz\u00edne Buda\u00f6rs, 8:45-17:00 \u00f3r\u00e1ig tart, 5 alkalom d\u00edja 80.000Ft. Az 5 alkalom lehet egym\u00e1st k\u00f6vet\u0151en, vagy 1-1 tetsz\u0151leges napon is.<\/p>\r\n\r\n\r\n\r\n<p>Az \u00e1r mag\u00e1ban foglalja az el\u0151re egyeztetett <a href=\"https:\/\/morellahandwoven.hu\/index.php\/2021\/11\/27\/szovomuhely-szovoszekek\/\">sz\u00f6v\u0151sz\u00e9k<\/a> \u00e9s eszk\u00f6z\u00f6k haszn\u00e1lat\u00e1t, az ehhez ny\u00fajtott seg\u00edts\u00e9get, a sz\u00fcks\u00e9ges alap pamut \u00e9s len fonalakat \u00e9s egy kis friss\u00edt\u0151t. Aki szeretne, term\u00e9szetesen hozhatja a saj\u00e1t fonal\u00e1t, vagy v\u00e1laszthat pr\u00e9mium alapanyagokb\u00f3l is.<\/p>\r\n\r\n\r\n\r\n\r\n\r\n<p>A m\u0171helyfoglalkoz\u00e1sokra k\u00e9t hetente h\u00e9tk\u00f6znap ker\u00fcl sor, el\u0151zetes id\u0151pont foglal\u00e1s sz\u00fcks\u00e9ges, melyet e-mailben, telefonon, messenger \u00fczenetben stb. fogadok.<\/p>\r\n","protected":false},"excerpt":{"rendered":"<p>M\u0171helyemben az \u00e9rdekl\u0151d\u0151k szabadid\u0151s programk\u00e9nt betekinthetnek a sz\u00f6v\u00e9s csod\u00e1latos vil\u00e1g\u00e1ba, maguk is megtapasztalhatj\u00e1k az \u00e9lm\u00e9nyt, amikor a sok-sok &#8222;c\u00e9rnasz\u00e1lb\u00f3l&#8221; egyszercsak megsz\u00fcletik a textil&#8230; Erre a programra v\u00e1lthat\u00f3 sorsz\u00e1mozott, virtu\u00e1lis aj\u00e1nd\u00e9kutalv\u00e1ny, melyet a fizet\u00e9st k\u00f6vet\u0151en a v\u00e1s\u00e1rl\u00e1skor megadott c\u00edmre e-mailben kap meg a v\u00e1s\u00e1rl\u00f3. Fontos! Ha n\u00e9h\u00e1ny napon bel\u00fcl nem kapja meg az emailt, ellen\u0151rizze a &hellip; <\/p>\n","protected":false},"featured_media":226,"comment_status":"closed","ping_status":"closed","template":"","meta":[],"product_brand":[],"product_cat":[100],"product_tag":[],"class_list":{"0":"post-382","1":"product","2":"type-product","3":"status-publish","4":"has-post-thumbnail","6":"product_cat-ajandekutalvany","8":"first","9":"instock","10":"virtual","11":"purchasable","12":"product-type-simple"},"_links":{"self":[{"href":"https:\/\/morellahandwoven.hu\/index.php\/wp-json\/wp\/v2\/product\/382","targetHints":{"allow":["GET"]}}],"collection":[{"href":"https:\/\/morellahandwoven.hu\/index.php\/wp-json\/wp\/v2\/product"}],"about":[{"href":"https:\/\/morellahandwoven.hu\/index.php\/wp-json\/wp\/v2\/types\/product"}],"replies":[{"embeddable":true,"href":"https:\/\/morellahandwoven.hu\/index.php\/wp-json\/wp\/v2\/comments?post=382"}],"wp:featuredmedia":[{"embeddable":true,"href":"https:\/\/morellahandwoven.hu\/index.php\/wp-json\/wp\/v2\/media\/226"}],"wp:attachment":[{"href":"https:\/\/morellahandwoven.hu\/index.php\/wp-json\/wp\/v2\/media?parent=382"}],"wp:term":[{"taxonomy":"product_brand","embeddable":true,"href":"https:\/\/morellahandwoven.hu\/index.php\/wp-json\/wp\/v2\/product_brand?post=382"},{"taxonomy":"product_cat","embeddable":true,"href":"https:\/\/morellahandwoven.hu\/index.php\/wp-json\/wp\/v2\/product_cat?post=382"},{"taxonomy":"product_tag","embeddable":true,"href":"https:\/\/morellahandwoven.hu\/index.php\/wp-json\/wp\/v2\/product_tag?post=382"}],"curies":[{"name":"wp","href":"https:\/\/api.w.org\/{rel}","templated":true}]}}